{"id":1186,"date":"2016-09-01T17:44:14","date_gmt":"2016-09-01T17:44:14","guid":{"rendered":"http:\/\/portalcatolico.net\/portal\/?page_id=1186"},"modified":"2016-09-13T18:19:07","modified_gmt":"2016-09-13T18:19:07","slug":"quem-somos","status":"publish","type":"page","link":"https:\/\/portalcatolico.net\/portal\/quem-somos\/","title":{"rendered":"Quem Somos"},"content":{"rendered":"<div class=\"wpb-content-wrapper\"><p>[vc_row][vc_column][vc_column_text]<\/p>\n<p style=\"text-align: justify;\">Sou cat\u00f3lica, unidos no amor de Cristo, que se prop\u00f5em a vivenciar o evangelho na simplicidade, como Jesus viveu e ensinou.<br \/>\nTenho esta miss\u00e3o de evangelizar \u00e0 todos cantos da terra, a todas as criaturas, sem distin\u00e7\u00e3o de ra\u00e7a, sexo, nacionalidade, idade, escolaridade e credo religioso.<br \/>\nQuero levar aos Irm\u00e3os Cat\u00f3licos atrav\u00e9s das redes sociais, \u00e1 servi\u00e7o dos fi\u00e9is cat\u00f3licos que acreditam na miss\u00e3o de Cristo.<br \/>\nUma Igreja pr\u00f3xima do povo via rede de computadores, onde as suas necessidades e problemas t\u00eam respostas imediatas, onde o portal cat\u00f3licos via missas on-line e ao vivo possa te ajudar.<br \/>\n\u00c9 preciso ter f\u00e9 e coragem para vencer todos os obst\u00e1culos.<br \/>\nEvangelizar meus irm\u00e3os cat\u00f3licas na obra de Deus esfor\u00e7o para viver e pregar o evangelho como foi vivido e pregado pelos doze primeiros ap\u00f3stolos e seus sucessores.<br \/>\nTodo o trabalho do portal cat\u00f3lico esta voltado para aos fi\u00e9is em favor da Igreja de Deus.<br \/>\nAtrav\u00e9s do Portal cat\u00f3lico vamos evangelizar e ser evangelizados, neste site existem fotos v\u00eddeos mat\u00e9rias interesse do Povo de Deus.<\/p>\n<p>[\/vc_column_text][\/vc_column][\/vc_row][vc_row][vc_column][vc_empty_space height=&#8221;30px&#8221;][vc_tta_accordion][vc_tta_section title=&#8221;Miss\u00e3o&#8221; tab_id=&#8221;1472751947022-ca074158-3392&#8243;][vc_column_text]<\/p>\n<p style=\"text-align: justify;\">Anunciar Cristo ao mundo pela internet. Mostrar que a vit\u00f3ria que vence o mundo e a nossa \u201cf\u00e9 \u201c e mostrar para nossos irm\u00e3os que existimos para amar, adorar e glorificar a Deus formando disc\u00edpulos apaixonados por Jesus.<\/p>\n<p>[\/vc_column_text][\/vc_tta_section][vc_tta_section title=&#8221;Vis\u00e3o&#8221; tab_id=&#8221;1472751947059-12303c1c-345c&#8221;][vc_column_text]<\/p>\n<p style=\"text-align: justify;\">Ent\u00e3o Jesus disse-lhe: v\u00e3o pelo mundo Inteiro e anunciem a boa noticia para toda a humanidade. Mc 16.15<\/p>\n<p>[\/vc_column_text][\/vc_tta_section][\/vc_tta_accordion][vc_empty_space height=&#8221;36px&#8221;][\/vc_column][\/vc_row][vc_row][vc_column][vc_separator][\/vc_column][\/vc_row][vc_row][vc_column][vc_column_text]<\/p>\n<h4 style=\"text-align: justify;\">Equipe<\/h4>\n<p style=\"text-align: justify;\">Valdeni Elias- Dire\u00e7\u00e3o geral<br \/>\nE-mail:contato@portalcatolico.net<br \/>\nAndr\u00e9 Barbosa- Jornalista<br \/>\nAnara Amanda- Editora chefe e rep\u00f3rter-DRT 7574<br \/>\nE-mail: reda\u00e7\u00e3o@portalcatolico.net<br \/>\nValdeni Elias- Rep\u00f3rter e fot\u00f3grafo cinematogr\u00e1fico<br \/>\nTais Moraes \u2013 Administra\u00e7\u00e3o Financeiro<br \/>\nE-mail:comercial@portalcatolico.net<br \/>\nAdenilton Dias &#8211; Suporte t\u00e9cnico<\/p>\n<p>[\/vc_column_text][\/vc_column][\/vc_row]<\/p>\n<\/div>","protected":false},"excerpt":{"rendered":"<p>[vc_row][vc_column][vc_column_text] Sou cat\u00f3lica, unidos no amor de Cristo, que se prop\u00f5em a vivenciar o evangelho na simplicidade, como Jesus viveu e ensinou. Tenho esta miss\u00e3o de evangelizar \u00e0 todos cantos da terra, a todas as criaturas, sem distin\u00e7\u00e3o de ra\u00e7a, sexo, nacionalidade, idade, escolaridade e credo religioso. Quero levar aos Irm\u00e3os Cat\u00f3licos atrav\u00e9s das redes&nbsp;<\/p>\n<p><a class=\"btn btn-style\" href=\"https:\/\/portalcatolico.net\/portal\/quem-somos\/\">Continue Reading<\/a><\/p>\n","protected":false},"author":1,"featured_media":0,"parent":0,"menu_order":0,"comment_status":"closed","ping_status":"closed","template":"","meta":{"footnotes":""},"class_list":["post-1186","page","type-page","status-publish","hentry"],"_links":{"self":[{"href":"https:\/\/portalcatolico.net\/portal\/wp-json\/wp\/v2\/pages\/1186","targetHints":{"allow":["GET"]}}],"collection":[{"href":"https:\/\/portalcatolico.net\/portal\/wp-json\/wp\/v2\/pages"}],"about":[{"href":"https:\/\/portalcatolico.net\/portal\/wp-json\/wp\/v2\/types\/page"}],"author":[{"embeddable":true,"href":"https:\/\/portalcatolico.net\/portal\/wp-json\/wp\/v2\/users\/1"}],"replies":[{"embeddable":true,"href":"https:\/\/portalcatolico.net\/portal\/wp-json\/wp\/v2\/comments?post=1186"}],"version-history":[{"count":13,"href":"https:\/\/portalcatolico.net\/portal\/wp-json\/wp\/v2\/pages\/1186\/revisions"}],"predecessor-version":[{"id":1391,"href":"https:\/\/portalcatolico.net\/portal\/wp-json\/wp\/v2\/pages\/1186\/revisions\/1391"}],"wp:attachment":[{"href":"https:\/\/portalcatolico.net\/portal\/wp-json\/wp\/v2\/media?parent=1186"}],"curies":[{"name":"wp","href":"https:\/\/api.w.org\/{rel}","templated":true}]}}