{"id":8590,"date":"2016-11-04T18:57:36","date_gmt":"2016-11-04T18:57:36","guid":{"rendered":"http:\/\/portalcatolico.net\/portal\/?page_id=8590"},"modified":"2019-12-01T14:40:24","modified_gmt":"2019-12-01T17:40:24","slug":"diocese-de-itabuna","status":"publish","type":"page","link":"http:\/\/portalcatolico.net\/portal\/diocese-de-itabuna\/","title":{"rendered":"Diocese de Itabuna"},"content":{"rendered":"<div class=\"wpb-content-wrapper\"><p>[vc_row][vc_column width=&#8221;1\/6&#8243;][\/vc_column][vc_column width=&#8221;2\/3&#8243;][vc_raw_js]JTNDJTIxLS0lMjBMT01BREVFJTIwLSUyMEJFR0lOJTIwLS0lM0UlMEElM0NzY3JpcHQlMjB0eXBlJTNEJTIydGV4dCUyRmphdmFzY3JpcHQlMjIlMjBsYW5ndWFnZSUzRCUyMmphdmFzY3JpcHQlMjIlM0UlMEElMDlsbWRfc291cmNlJTNEJTIyMzU3NTM0MTMlMjIlM0IlMEElMDlsbWRfc2klM0QlMjIzMzgzNDA4MyUyMiUzQiUwQSUwOWxtZF9wdSUzRCUyMjIyNzA0ODk5JTIyJTNCJTBBJTA5bG1kX2MlM0QlMjJCUiUyMiUzQiUwQSUwOWxtZF93aSUzRCUyMjcyOCUyMiUzQiUwQSUwOWxtZF9oZSUzRCUyMjkwJTIyJTNCJTBBJTNDJTJGc2NyaXB0JTNFJTBBJTNDc2NyaXB0JTIwc3JjJTNEJTIyaHR0cCUzQSUyRiUyRmltYWdlLmxvbWFkZWUuY29tJTJGanMlMkZhZF9sb21hZGVlLmpzJTIyJTIwdHlwZSUzRCUyMnRleHQlMkZqYXZhc2NyaXB0JTIyJTIwbGFuZ3VhZ2UlM0QlMjJqYXZhc2NyaXB0JTIyJTNFJTNDJTJGc2NyaXB0JTNFJTBBJTNDJTIxLS0lMjBMT01BREVFJTIwLSUyMEVORCUyMC0tJTNF[\/vc_raw_js][vc_empty_space height=&#8221;50px&#8221;][\/vc_column][vc_column width=&#8221;1\/6&#8243;][\/vc_column][\/vc_row][vc_row][vc_column][vc_column_text]<em>A&nbsp;Diocese de Itabu<img loading=\"lazy\" decoding=\"async\" class=\"size-full wp-image-8594 alignleft\" src=\"http:\/\/portalcatolico.net\/portal\/wp-content\/uploads\/2016\/11\/download-1.jpg\" alt=\"download-1\" width=\"266\" height=\"190\">na&nbsp;\u00e9 uma Circunscri\u00e7\u00e3o Eclesi\u00e1stica da Igreja Cat\u00f3lica Apost\u00f3lica Romana no Estado Brasileiro da Bahia sediada na cidade de Itabuna.<\/em> Ela <em>foi criada pela bula&nbsp;Benign\u00edssimo Dei Cons\u00edlio&nbsp;do Santo Padre S\u00e3o Jo\u00e3o Paulo II no dia 7 de novembro de&nbsp;1978.<\/em><\/p>\n<p><em>A Diocese \u00e9 formada por 19 Munic\u00edpios e \u00e9 dividida em 03 regi\u00f5es pastorais, sendo as Foranias: Norte,Sul e Centro) . &nbsp;S\u00e3o 33 par\u00f3quias, das quais 14 &nbsp;est\u00e3o na cidade de Itabuna.&nbsp;<\/em><\/p>\n<p><em>Os bispos diocesanos anteriores foram: Dom Homero Leite Meira&nbsp; de 1978 a 1980, Dom Eliseu Maria Gomes de Oliveira, O. Carm.&nbsp; de 1980 a 1982, Dom Paulo Lopes de Faria&nbsp; de 1983 a&nbsp; 1995, Dom Ceslau Stanula CSsR de 1997 a 2017. O atual bispo diocesano \u00e9 &nbsp;Dom Carlos Alberto dos Santos, desde 2017.<\/em>[\/vc_column_text][\/vc_column][\/vc_row][vc_row][vc_column width=&#8221;1\/2&#8243;][vc_column_text]<strong>C\u00daRIA DIOCESANA<\/strong><\/p>\n<p>Rua das Na\u00e7\u00f5es Unidas&nbsp; 400<br \/>\nBairro Centro<br \/>\nItabuna-Bahia<br \/>\nTel (73) 3211-3520 (c\u00faria)<\/p>\n<p>[\/vc_column_text][vc_column_text]<strong>Par\u00f3quia Nossa Senhora Aparecida<\/strong><\/p>\n<p>Rua Rio Branco 446<br \/>\nBairro Calif\u00f3rnia<br \/>\n45604-165 Itabuna \u2013 Bahia- Fone (73)3215-5074<br \/>\n<em>Respons\u00e1vel pela par\u00f3quia o&nbsp; <\/em>Padre Ezequias Gon\u00e7alves Santos (Administrador Paroquial)&nbsp;<br \/>\n<em>Padroeiro (a):&nbsp;Nossa Senhora Aparecida.O dia de Nossa Senhora Aparecida &nbsp;\u00e9 comemorado anualmente em <strong>12 &nbsp;de outubro<\/strong><\/em>[\/vc_column_text][vc_column_text]<strong>Par\u00f3quia Santa Maria Goretti<br \/>\n<\/strong>Rua Rui Barbosa S\/N<br \/>\nBairro Mangabinha<br \/>\n45600-220 Itabuna \u2013 Bahia (73) 3211-3773, 3212- 1753<br \/>\n<em>Respons\u00e1vel pela par\u00f3quia o&nbsp; <\/em>Padre Adilson Santana do Carmo (p\u00e1roco)<br \/>\n<em>Padroeiro (a):&nbsp;Santa Maria Goretti.&nbsp;<\/em><em>O dia de Santa Maria Goretti \u00e9 comemorado anualmente em <strong>06 de julho<\/strong>.<\/em>[\/vc_column_text][vc_column_text]<strong>Par\u00f3quia Nossa Senhora da Piedade<br \/>\n<\/strong><em>Rua Frei Joaquim Cameli &nbsp;N.518<br \/>\n<\/em><em>Bairro Maria Pinheiro<br \/>\n<\/em><em>45600-000 Itabuna-Bahia<\/em><em><br \/>\n<\/em><em>Respons\u00e1veis&nbsp; pela par\u00f3quia os&nbsp; Padres (p\u00e1roco) o Pe. Frei Ivanilton Oliveira dos Santos, MsS, Vig\u00e1rio Paroquial o&nbsp;<\/em>Pe.Frei Francisco&nbsp; Ediran de Souza Nunes, MsS.&nbsp;<em>Padroeiro (a):&nbsp;Nossa Senhora da Piedade.&nbsp;<\/em><em>O dia de Nossa Senhora da Piedade &nbsp;\u00e9 comemorado anualmente em <strong>19 de novembro<\/strong>.<\/em>[\/vc_column_text][vc_column_text]<strong>Par\u00f3quia Nossa Senhora de F\u00e1tima<br \/>\n<\/strong>Rua Juracy Magalh\u00e3es 801<br \/>\nBairro de F\u00e1tima<br \/>\n45603-908 Itabuna \u2013 Bahia (73)3212-2635<br \/>\n<em>Respons\u00e1vel pela par\u00f3quia o&nbsp; <\/em>Padre Monsenhor Nicolau Klak <em>(p\u00e1roco) <\/em><em>Padroeiro (a):&nbsp;Nossa Senhora de F\u00e1tima.&nbsp;<\/em><em>O dia de Nossa Senhora de F\u00e1tima \u00e9 comemorado anualmente em <strong>13 de maio<\/strong>.<\/em>[\/vc_column_text][vc_column_text]<strong>Par\u00f3quia Nossa Senhora da Concei\u00e7\u00e3o<br \/>\n<\/strong>Pra\u00e7a dos Capuchinhos S\/N<br \/>\nBairro da Concei\u00e7\u00e3o<br \/>\n45600-000 Itabuna \u2013 Bahia (73)3211-5524<br \/>\n<em>Respons\u00e1vel pela par\u00f3quia o&nbsp; <\/em>Padre Adriano Oliveira Fernandes<em>&nbsp;(p\u00e1roco) <\/em><em>Padroeiro (a):&nbsp;Nossa Senhora da Concei\u00e7\u00e3o.&nbsp;<\/em><em>O dia de Nossa Senhora da Concei\u00e7\u00e3o &nbsp;\u00e9 comemorado anualmente em <strong>08 de dezembro<\/strong>.<\/em>[\/vc_column_text][vc_column_text]<strong>Par\u00f3quia S\u00e3o Judas Tadeu<br \/>\n<\/strong>Avenida Ilh\u00e9us 410<br \/>\nBairro Centro<br \/>\n45600-045 Itabuna- Bahia (73)3612-3406\/3612-5835<br \/>\n<em>Respons\u00e1vel pela par\u00f3quia o&nbsp; <\/em>Padre Ac\u00e1ssio Alves da Silva<em>&nbsp;(p\u00e1roco) <\/em><em>Padroeiro (a):&nbsp;S\u00e3o Judas Tadeu.<\/em><em>O dia de S\u00e3o Judas Tadeu \u00e9 comemorado anualmente em <strong>28 de outubro.<\/strong><\/em><\/p>\n<p><em>&nbsp;<\/em>[\/vc_column_text][vc_column_text]<strong>Par\u00f3quia Santa Maria Madalena<br \/>\n<\/strong><em>Rua B, Nr.10<br \/>\n<\/em><em>Bairro &nbsp;Nova Itabuna<br \/>\n<\/em>45600-000 <em>Itabuna-Bahia (73)<\/em> 3616-1016<br \/>\n<em>Respons\u00e1vel pela par\u00f3quia o <\/em>&nbsp;Padre&nbsp;&nbsp;Tony Val\u00e9rio Rodrigues dos Santos<em>&nbsp;(p\u00e1roco) <\/em><em>Padroeiro (a):&nbsp;Santa Maria Madalena.&nbsp;<\/em><em>O dia de Santa Maria Madalena \u00e9 comemorado anualmente em <strong>22 &nbsp;de julho.<\/strong><\/em><\/p>\n<p><em>&nbsp; &nbsp; &nbsp;<\/em>[\/vc_column_text][vc_column_text]<strong>Par\u00f3quia S\u00e3o Sebasti\u00e3o<br \/>\n<\/strong>Rua Isabela do Nascimento Seara 163<br \/>\nBairro Centro<br \/>\n45880-000 Camacan \u2013 Bahia 73-3283-1207<br \/>\n<em>Respons\u00e1vel pela par\u00f3quia o Padre&nbsp;Geovane Sousa Santos e Silva,SAC<\/em> <em>&nbsp;<\/em><em>&nbsp;(p\u00e1roco) e vig\u00e1rio&nbsp;paroquial Padre Francisco Pio Dantas,SAC.<br \/>\n<\/em><em>Padroeiro (a):&nbsp;S\u00e3o Sebasti\u00e3o.&nbsp;<\/em><em>O dia de S\u00e3o Sebasti\u00e3o &nbsp;\u00e9 comemorado anualmente em <strong>20 de janeiro.<\/strong><\/em>[\/vc_column_text][vc_column_text]<strong>Par\u00f3quia S\u00e3o Jos\u00e9<br \/>\n<\/strong>Rua na\u00e7\u00f5es Unidas S\/N<br \/>\nBairro Centro<br \/>\n45620-000 S\u00e3o Jos\u00e9 da Vit\u00f3ria (73)3694-1275<br \/>\n<em>Respons\u00e1vel pela par\u00f3quia o<\/em> <em>&nbsp;<\/em>Padre Elessandro Feitosa <em>(p\u00e1roco)<br \/>\n<\/em><em>Padroeiro (a):&nbsp;S\u00e3o Jos\u00e9.<\/em><em>O dia de S\u00e3o Jos\u00e9 \u00e9 comemorado anualmente em <strong>19 de mar\u00e7o<\/strong>.<\/em>[\/vc_column_text][vc_column_text]<strong>Par\u00f3quia S\u00e3o Sebasti\u00e3o<br \/>\n<\/strong>Pra\u00e7a S\u00e3o Sebasti\u00e3o S\/N<br \/>\nBairro &nbsp;Centro<br \/>\n45870-000 Mascote \u2013 Bahia<br \/>\n<em>Respons\u00e1vel pela par\u00f3quia o<\/em> <em>&nbsp;<\/em>Padre <em>Edvan Vieira Serra Sena, SAC<\/em><em>&nbsp;(p\u00e1roco)<br \/>\n<\/em><em>Padroeiro (a):&nbsp;S\u00e3o Sebasti\u00e3o.<\/em><em>O dia de S\u00e3o Sebasti\u00e3o &nbsp;\u00e9 comemorado anualmente em <strong>20 de janeiro<\/strong>.<\/em><\/p>\n<p><em>&nbsp;<\/em>[\/vc_column_text][vc_column_text]<strong>Par\u00f3quia Senhor do Bonfim<br \/>\n<\/strong>Avenida Juracy Magalh\u00e3es 210<br \/>\nBairro Centro<br \/>\n45605-000 Jussari \u2013 Bahia 73-3624-1223<br \/>\n<em>Respons\u00e1vel pela par\u00f3quia o<\/em> <em>&nbsp;<\/em>Padre &nbsp;Jos\u00e9 Agnaldo dos Santos.&nbsp;<em>&nbsp;(Administrador paroquial)<br \/>\n<\/em><em>Padroeiro (a):&nbsp;Senhor do Bonfim.&nbsp;<\/em><em>O dia de Senhor do Bonfim &nbsp;\u00e9 comemorado anualmente em <strong>21 de janeiro<\/strong>.<\/em><\/p>\n<p><em>&nbsp;<\/em>[\/vc_column_text][vc_column_text]<strong>Par\u00f3quia S\u00e3o Jo\u00e3o do Para\u00edso<br \/>\n<\/strong>Pra\u00e7a Cl\u00e9riston Andrade 565<br \/>\nBairro Centro<br \/>\n45875-000 S\u00e3o Jo\u00e3o&nbsp; do Para\u00edso \u2013 Bahia (73)3629-2101<br \/>\n<em>Respons\u00e1vel pela par\u00f3quia o<\/em> <em>&nbsp;<\/em>Padre&nbsp;&nbsp;<em>Edvan Vieira Serra Sena, SAC<\/em>&nbsp;<em>(p\u00e1roco)<br \/>\n<\/em><em>Padroeiro (a):&nbsp;S\u00e3o Jo\u00e3o Batista.<\/em><em>O dia de S\u00e3o Jo\u00e3o Batista \u00e9 comemorado anualmente em <strong>24 de junho.<\/strong><\/em><\/p>\n<p><em>&nbsp;&nbsp;<\/em>[\/vc_column_text][vc_column_text]<strong>Par\u00f3quia S\u00e3o Jos\u00e9<br \/>\n<\/strong>Pra\u00e7a Manoel Pereira de Almeida 25<br \/>\nBairro Centro<br \/>\n45690-000 Una \u2013 Bahia (73)3236- 1144<br \/>\n<em>Respons\u00e1vel pela par\u00f3quia o<\/em> <em>&nbsp;<\/em>Padre Nerivaldo Santos Azevedo<em>&nbsp;(p\u00e1roco)<br \/>\n<\/em><em>Padroeiro (a):&nbsp;S\u00e3o Jos\u00e9.<\/em><em>O dia de S\u00e3o Jos\u00e9 \u00e9 comemorado anualmente em <strong>19 de mar\u00e7o.<\/strong><\/em>[\/vc_column_text][vc_column_text]<strong>Par\u00f3quia Senhora Santana<br \/>\n<\/strong>Rua Presidente Dutra 27<br \/>\nBairro Centro<br \/>\n45740-000 Floresta Azul \u2013 Bahia (73)3243-2202<br \/>\n<em>Respons\u00e1vel pela par\u00f3quia o<\/em> <em>&nbsp;<\/em>Padre&nbsp;Jos\u00e9 Alberto Fonseca Kruschewsky&nbsp;<em>(p\u00e1roco)<br \/>\n<\/em><em>Padroeiro (a):&nbsp;Senhora Sant\u00b4Ana.&nbsp;<\/em><em>O dia de Senhora Sant\u2019Ana \u00e9 comemorado anualmente em <strong>26 de julho<\/strong>.<\/em>[\/vc_column_text][vc_column_text]<strong>Par\u00f3quia Nossa Senhora das Vit\u00f3rias<br \/>\n<\/strong>Rua Get\u00falio Vargas 75 Centro<br \/>\n45725-000 Santa Cruz da Vit\u00f3ria \u2013 Bahia 73-3627-2159<br \/>\n<em>Respons\u00e1vel pela par\u00f3quia o<\/em> <em>&nbsp;<\/em>Padre&nbsp;Edinaldo Martins dos Santos&nbsp;<em>(p\u00e1roco)<br \/>\n<\/em><em>Padroeiro (a):&nbsp;Nossa Senhora das Vit\u00f3rias.<\/em><em>O dia de Nossa Senhora das Vit\u00f3rias \u00e9 comemorado anualmente em <strong>15 de agosto<\/strong>.<\/em><\/p>\n<p><em>&nbsp;<\/em>[\/vc_column_text][vc_column_text]<strong>Par\u00f3quia Santo Ant\u00f4nio<\/strong><br \/>\nPra\u00e7a Castro Alves 79<br \/>\nBairro Centro<br \/>\n45710-000 Itoror\u00f3 \u2013 Bahia (73)3265-1277<br \/>\n<em>Respons\u00e1vel pela par\u00f3quia o<\/em> <em>&nbsp;<\/em>Padre&nbsp;Euvaldo Santana da Silva &nbsp;<em>(p\u00e1roco) e vig\u00e1rio paroquial o Padre&nbsp;Sime\u00f3n Ibarra Torres<br \/>\n<\/em><em>Padroeiro (a):&nbsp;Santo Ant\u00f4nio.<\/em><em>O dia de Santo Ant\u00f4nio \u00e9 comemorado anualmente em <strong>13 de junho<\/strong>.<\/em><\/p>\n<p><em>&nbsp;&nbsp;<\/em>[\/vc_column_text][\/vc_column][vc_column width=&#8221;1\/2&#8243;][vc_column_text]<strong>Par\u00f3quia S\u00e3o Jos\u00e9 Catedral<\/strong><\/p>\n<p>Rua das Na\u00e7\u00f5es Unidas 400<br \/>\nBairro Centro<br \/>\n45670-670 Itabuna \u2013 Bahia- Fone (73)3613-4818<br \/>\n<em>Respons\u00e1vel pela par\u00f3quia<\/em> o Padre&nbsp; Gilvan de Oliveira Souza (P\u00e1roco)<br \/>\n<em>Padroeiro (a):&nbsp; S\u00e3o Jos\u00e9, padroeiro da Diocese Itabuna e da cidade.<\/em><em>&nbsp;<\/em><em>O dia de S\u00e3o Jos\u00e9 \u00e9 comemorado anualmente <strong>em 19 de mar\u00e7o<\/strong>.<\/em>[\/vc_column_text][vc_column_text]<strong>Par\u00f3quia Santa In\u00eas<\/strong><\/p>\n<p>Pra\u00e7a Pedro Monstans S\/n<br \/>\nBairro &nbsp;Santa In\u00eas<br \/>\n45600.000 Itabuna-Bahia &nbsp;(73)3612-0955<br \/>\n<em>Respons\u00e1vel pela par\u00f3quia o&nbsp; <\/em>Padre&nbsp;Reinaldo Jacinto J\u00fanior (Administrador paroquial)<br \/>\n<em>Padroeiro (a):&nbsp;Santa In\u00eas.<\/em><em>O dia de Santa In\u00eas &nbsp;\u00e9 comemorado anualmente em <strong>21 de janeiro<\/strong>.<\/em>[\/vc_column_text][vc_column_text]<strong>Par\u00f3quia Santa Rita de C\u00e1ssia<\/strong><br \/>\nRua Juarez T\u00e1vora S\/N<br \/>\nBairro S\u00e3o Caetano<\/p>\n<p>45607-302 Itabuna \u2013 Bahia (73)3617- 2722<br \/>\n<em>Respons\u00e1vel pela par\u00f3quia o&nbsp; (<\/em>Padre) o Frei Jos\u00e9 Genilton, OFMcap (p\u00e1roco)<br \/>\n<em>Padroeiro (a):&nbsp;Santa Rita de C\u00e1ssia.&nbsp;<\/em><em>O dia de Santa Rita de C\u00e1ssia \u00e9 comemorado anualmente em <strong>22 de maio<\/strong>.<\/em><\/p>\n<p><em>&nbsp;<\/em>[\/vc_column_text][vc_column_text]<strong>Par\u00f3quia Senhor do Bonfim<br \/>\n<\/strong>Caminho 06<br \/>\nBairro Jardim Primavera<br \/>\n45600-000 Itabuna \u2013 Bahia<br \/>\n(73)3617- 8853\/ 3617-0898<br \/>\n<em>Respons\u00e1vel pela par\u00f3quia o&nbsp; <\/em>Padre&nbsp;Manoel Carlos de Jesus Cruz&nbsp;<br \/>\n<em>(p\u00e1roco) <\/em><em>Padroeiro (a):&nbsp;Senhor do Bonfim.<\/em><em>O dia de Senhor do Bonfim \u00e9 comemorado anualmente em <strong>21 de janeiro.<\/strong><\/em>[\/vc_column_text][vc_column_text]<strong>Par\u00f3quia Santo Ant\u00f4nio<br \/>\n<\/strong>Pra\u00e7a Alice Monteiro S\/N<br \/>\nBairro Santo Ant\u00f4nio<br \/>\n45602- 170 Itabuna \u2013 Bahia (73) 3211-0250<br \/>\n<em>Respons\u00e1vel pela par\u00f3quia o&nbsp; <\/em>Padre Jos\u00e9 Andrade Paz<em>&nbsp;(p\u00e1roco)<br \/>\n<\/em><em>Padroeiro (a):&nbsp;Santo Ant\u00f4nio.&nbsp;<\/em><em>O dia de Santo Ant\u00f4nio \u00e9 comemorado anualmente em <strong>13 de junho.<\/strong><\/em>[\/vc_column_text][vc_column_text]<strong>Par\u00f3quia Nossa Senhora das Vit\u00f3rias<br \/>\n<\/strong>Rua Par\u00e1 02<br \/>\nBairro Jardim Vit\u00f3ria<br \/>\n45605-475 Itabuna \u2013 Bahia 3212-2920<br \/>\n<em>Respons\u00e1vel pela par\u00f3quia o&nbsp; <\/em>Padre Gilmar Oliveira dos Santos <em>(p\u00e1roco) <\/em><em>Padroeiro (a):&nbsp;Nossa Senhora das Vit\u00f3rias.<\/em><em>O dia de Nossa Senhora das Vit\u00f3rias \u00e9 comemorado anualmente em <strong>15 de agosto<\/strong>.<\/em>[\/vc_column_text][vc_column_text]<strong>Par\u00f3quia Nossa Senhora da Concei\u00e7\u00e3o<br \/>\n<\/strong>Pra\u00e7a da Matriz S\/N<br \/>\nBairro Ferradas<br \/>\n45603-000 Itabuna Bahia (73)3616-2944<br \/>\n<em>Respons\u00e1vel pela par\u00f3quia o&nbsp; <\/em>Padre&nbsp;Jos\u00e9 Roberto Ara\u00fajo dos Santos&nbsp;<em>(p\u00e1roco)<br \/>\n<\/em><em>Padroeiro (a):&nbsp;Nossa Senhora da Concei\u00e7\u00e3o.<\/em><em>O dia de Nossa Senhora da Concei\u00e7\u00e3o &nbsp;\u00e9 comemorado anualmente em <strong>08 de dezembro<\/strong>.<\/em>[\/vc_column_text][vc_column_text]<strong>Par\u00f3quia Senhor Bom Jesus<br \/>\n<\/strong>Rua Bar\u00e3o Rio Branco 21<br \/>\nBairro Centro<br \/>\n45750-000 Itap\u00e9 \u2013 Bahia (73)3248-2224<br \/>\n<em>Respons\u00e1vel pela par\u00f3quia o<\/em> <em>&nbsp;<\/em>Padre Ant\u00f4nio Carlos Santos Calazans<em>&nbsp;(p\u00e1roco)<br \/>\n<\/em><em>Padroeiro (a):&nbsp;Senhor Bom Jesus.&nbsp;<\/em><em>O dia de Senhor&nbsp; Bom Jesus \u00e9 comemorado anualmente em <strong>06 de agosto.<\/strong><\/em><\/p>\n<p><em>&nbsp;<\/em>[\/vc_column_text][vc_column_text]<strong>Par\u00f3quia Senhora Santana<br \/>\n<\/strong>Rua Ant\u00f4nio Batista 719<br \/>\nBairro Centro<br \/>\n45610-000 Buerarema \u2013 Bahia (73)3237- 1149<br \/>\n<em>Respons\u00e1vel pela par\u00f3quia o<\/em> <em>&nbsp;<\/em>Padre Elessandro Feitosa <em>(p\u00e1roco)<br \/>\n<\/em><em>Padroeiro (a):&nbsp;Senhora Santana.&nbsp;<\/em><em>O dia de Senhora &nbsp;Sant\u2019Ana \u00e9 comemorado anualmente em <strong>26 de julho<\/strong>.<\/em><\/p>\n<p><em>&nbsp;<\/em>[\/vc_column_text][vc_column_text]<strong>Par\u00f3quia Santa Luzia<br \/>\n<\/strong>Pra\u00e7a Santa Luzia 54<br \/>\nBairro Centro<br \/>\n45890-000 Pau- Brasil \u2013 Bahia 73-3273-2198<br \/>\n<em>Respons\u00e1vel pela par\u00f3quia o<\/em> <em>&nbsp;<\/em>Padre&nbsp;Anderson Rodrigues Henrique, Sac&nbsp;<em>(p\u00e1roco) <\/em><em>Padroeiro (a):&nbsp;Santa Luzia.&nbsp;&nbsp;<\/em><em>O dia de Santa Luzia &nbsp;\u00e9 comemorado anualmente em <strong>13 de dezembro<\/strong>.<\/em><\/p>\n<p><em>&nbsp;&nbsp;<\/em>[\/vc_column_text][vc_column_text]<strong>Par\u00f3quia Nossa Senhora da Concei\u00e7\u00e3o<br \/>\n<\/strong>Pra\u00e7a G\u00f3es Calmon S\/N<br \/>\nBairro Centro<br \/>\n45695-000 Arataca \u2013 Bahia (73)3673-1167<br \/>\n<em>Respons\u00e1vel pela par\u00f3quia o<\/em> <em>&nbsp;Padre Telmo Soares Pinto<\/em><em>&nbsp;(p\u00e1roco)<br \/>\n<\/em><em>Padroeiro (a):&nbsp;Nossa Senhora da Concei\u00e7\u00e3o.&nbsp;<\/em><em>O dia de Nossa Senhora da Concei\u00e7\u00e3o &nbsp;\u00e9 comemorado anualmente em <strong>08 de dezembro<\/strong>.<\/em><\/p>\n<p><em>&nbsp;<\/em>[\/vc_column_text][vc_column_text]<strong>Par\u00f3quia Santa Luzia<br \/>\n<\/strong>Pra\u00e7a da Matriz S\/N<br \/>\nBairro Centro<br \/>\n45685-000 Santa Luzia \u2013 Bahia (73)3628-1151<br \/>\n<em>Respons\u00e1vel pela par\u00f3quia o<\/em> <em>&nbsp;<\/em>Padre&nbsp;Mons. Moiz\u00e9s de Souza&nbsp;<em>(p\u00e1roco)<br \/>\n<\/em><em>Padroeiro (a):&nbsp;Santa Luzia.&nbsp;<\/em><em>O dia de Santa Luzia &nbsp;\u00e9 comemorado anualmente em <strong>13 de dezembro<\/strong>.<\/em><\/p>\n<p><em>&nbsp;<\/em>[\/vc_column_text][vc_column_text]<strong>Par\u00f3quia S\u00e3o Boaventura<br \/>\n<\/strong>Pra\u00e7a S\u00e3o Boaventura S\/N<br \/>\nBairro Centro<br \/>\n45860-000 Canavieiras \u2013 Bahia (73)3284-1612\/3284-3435<br \/>\n<em>Respons\u00e1vel pela par\u00f3quia o<\/em> <em>&nbsp;<\/em>Padre&nbsp;&nbsp;Vinicius Pinheiro Mascarenhas<em>&nbsp;(p\u00e1roco)<br \/>\n<\/em><em>Padroeiro (a):&nbsp;S\u00e3o Boaventura.<\/em><em>O dia de S\u00e3o Boaventura &nbsp;\u00e9 comemorado anualmente em <strong>15 de julho<\/strong>.<\/em><\/p>\n<p><em>&nbsp; &nbsp;<\/em>[\/vc_column_text][vc_column_text]<strong>Par\u00f3quia Senhor Deus Menino<br \/>\n<\/strong>Rua Assis de Ara\u00fajo 11<br \/>\nBairro Centro<br \/>\n45745-000&nbsp; Ibicara\u00ed \u2013 Bahia (73)3242-1041<br \/>\n<em>Respons\u00e1vel pela par\u00f3quia o<\/em> <em>&nbsp;<\/em>Padre Wesley do Carmo(Administrador paroquial e Monsenhor Sebasti\u00e3o Bezerra de Oliveira(p\u00e1roco)<br \/>\n<em>(p\u00e1roco)<\/em><em>Padroeiro (a):&nbsp;Senhor Deus Menino.&nbsp;<\/em><em>O dia do Senhor Deus Menino \u00e9 comemorado anualmente em <strong>02 de fevereiro<\/strong>.<\/em>[\/vc_column_text][vc_column_text]<strong>Par\u00f3quia Santo Ant\u00f4nio<br \/>\n<\/strong>Pra\u00e7a Pomp\u00edlio C\u00e9u, 35<br \/>\nBairro Centro<br \/>\n45720-000 Firmino Alves &#8211; Bahia (73)3623-2151<br \/>\n<em>Respons\u00e1vel pela par\u00f3quia o<\/em> <em>&nbsp;<\/em>Padre Jose Nunes <em>&nbsp;(p\u00e1roco)<br \/>\n<\/em><em>Padroeiro (a):&nbsp;Santo Ant\u00f4nio.<\/em><em>O dia de Santo Ant\u00f4nio \u00e9 comemorado anualmente em<strong> 13 de junho<\/strong>.<\/em>[\/vc_column_text][vc_column_text]<strong>Par\u00f3quia Santo Ant\u00f4nio<br \/>\n<\/strong>Rua Santa Cruz S\/N<br \/>\nBairro Centro<br \/>\n45730-000 Itaj\u00fa do Col\u00f4nia \u2013 Bahia (73)3204-2007<br \/>\n<em>Respons\u00e1vel pela par\u00f3quia o<\/em> Padre Luiz Alves<em>&nbsp;<\/em>&nbsp;<em>(p\u00e1roco)<br \/>\n<\/em><em>Padroeiro (a):&nbsp;Santo Ant\u00f4nio.<\/em><em>O dia de Santo Ant\u00f4nio \u00e9 comemorado anualmente em <strong>13 de junho<\/strong>.<\/em><\/p>\n<p><em>&nbsp; &nbsp;&nbsp;<\/em>[\/vc_column_text][vc_column_text]<strong>Par\u00f3quia Santa Terezinha<br \/>\n<\/strong>Pra\u00e7a da Bandeira 04<br \/>\nBairro Centro<br \/>\n45780-000 Potiraqu\u00e1 \u2013 Bahia (73)3285-2101<br \/>\n<em>Respons\u00e1vel pela par\u00f3quia o<\/em>&nbsp;Padre&nbsp;<em>&nbsp;<\/em>Jos\u00e9 Augusto Ferreira<em> (Administrador paroquial)<br \/>\n<\/em><em>Padroeiro (a):&nbsp;Santa Terezinha.<\/em><em>O dia de Santa Terezinha \u00e9 comemorado anualmente em <strong>01 de outubro.<\/strong><\/em><\/p>\n<p><em>&nbsp; &nbsp; &nbsp;<\/em>[\/vc_column_text][\/vc_column][\/vc_row]<\/p>\n<\/div>","protected":false},"excerpt":{"rendered":"<p>[vc_row][vc_column width=&#8221;1\/6&#8243;][\/vc_column][vc_column width=&#8221;2\/3&#8243;][vc_raw_js]JTNDJTIxLS0lMjBMT01BREVFJTIwLSUyMEJFR0lOJTIwLS0lM0UlMEElM0NzY3JpcHQlMjB0eXBlJTNEJTIydGV4dCUyRmphdmFzY3JpcHQlMjIlMjBsYW5ndWFnZSUzRCUyMmphdmFzY3JpcHQlMjIlM0UlMEElMDlsbWRfc291cmNlJTNEJTIyMzU3NTM0MTMlMjIlM0IlMEElMDlsbWRfc2klM0QlMjIzMzgzNDA4MyUyMiUzQiUwQSUwOWxtZF9wdSUzRCUyMjIyNzA0ODk5JTIyJTNCJTBBJTA5bG1kX2MlM0QlMjJCUiUyMiUzQiUwQSUwOWxtZF93aSUzRCUyMjcyOCUyMiUzQiUwQSUwOWxtZF9oZSUzRCUyMjkwJTIyJTNCJTBBJTNDJTJGc2NyaXB0JTNFJTBBJTNDc2NyaXB0JTIwc3JjJTNEJTIyaHR0cCUzQSUyRiUyRmltYWdlLmxvbWFkZWUuY29tJTJGanMlMkZhZF9sb21hZGVlLmpzJTIyJTIwdHlwZSUzRCUyMnRleHQlMkZqYXZhc2NyaXB0JTIyJTIwbGFuZ3VhZ2UlM0QlMjJqYXZhc2NyaXB0JTIyJTNFJTNDJTJGc2NyaXB0JTNFJTBBJTNDJTIxLS0lMjBMT01BREVFJTIwLSUyMEVORCUyMC0tJTNF[\/vc_raw_js][vc_empty_space height=&#8221;50px&#8221;][\/vc_column][vc_column width=&#8221;1\/6&#8243;][\/vc_column][\/vc_row][vc_row][vc_column][vc_column_text]A&nbsp;Diocese de Itabuna&nbsp;\u00e9 uma Circunscri\u00e7\u00e3o Eclesi\u00e1stica da Igreja Cat\u00f3lica Apost\u00f3lica Romana no Estado Brasileiro da Bahia sediada na cidade de Itabuna. Ela foi criada pela bula&nbsp;Benign\u00edssimo Dei Cons\u00edlio&nbsp;do Santo Padre S\u00e3o Jo\u00e3o Paulo II no dia 7 de novembro de&nbsp;1978. A Diocese \u00e9 formada por 19 Munic\u00edpios e \u00e9 dividida em&nbsp;<\/p>\n<p><a class=\"btn btn-style\" href=\"http:\/\/portalcatolico.net\/portal\/diocese-de-itabuna\/\">Continue Reading<\/a><\/p>\n","protected":false},"author":2,"featured_media":0,"parent":0,"menu_order":0,"comment_status":"closed","ping_status":"closed","template":"","meta":{"footnotes":""},"class_list":["post-8590","page","type-page","status-publish","hentry"],"_links":{"self":[{"href":"http:\/\/portalcatolico.net\/portal\/wp-json\/wp\/v2\/pages\/8590","targetHints":{"allow":["GET"]}}],"collection":[{"href":"http:\/\/portalcatolico.net\/portal\/wp-json\/wp\/v2\/pages"}],"about":[{"href":"http:\/\/portalcatolico.net\/portal\/wp-json\/wp\/v2\/types\/page"}],"author":[{"embeddable":true,"href":"http:\/\/portalcatolico.net\/portal\/wp-json\/wp\/v2\/users\/2"}],"replies":[{"embeddable":true,"href":"http:\/\/portalcatolico.net\/portal\/wp-json\/wp\/v2\/comments?post=8590"}],"version-history":[{"count":38,"href":"http:\/\/portalcatolico.net\/portal\/wp-json\/wp\/v2\/pages\/8590\/revisions"}],"predecessor-version":[{"id":67040,"href":"http:\/\/portalcatolico.net\/portal\/wp-json\/wp\/v2\/pages\/8590\/revisions\/67040"}],"wp:attachment":[{"href":"http:\/\/portalcatolico.net\/portal\/wp-json\/wp\/v2\/media?parent=8590"}],"curies":[{"name":"wp","href":"https:\/\/api.w.org\/{rel}","templated":true}]}}